r) = r**2 - r + 1. Let t(y) = -3*b(y) + s(y). Let x be t(5). Suppose 5*q + x = 3. Calculate h(q).
-7
Suppose -5*c = 2*d + 22, 2*d + 2*c - 3*c = 2. Let h be (-5 - d) + 3 - -3. Let r(x) = x**2 + 4*x - 3. What is r(h)?
9
Let l(c) = -2*c**2 + 2*c + 2. Let o(f) = -5*f**2 + 3*f + 3. Let d(h) = 7*l(h) - 3*o(h). Let k be (3 + (-1 - -2))/((-4)/6). Determine d(k).
11
Let k(s) = s**2 - 5*s - 2. Let j(q) = -2*q**3 + 7*q**2 - 2*q - 11*q**2 + 0*q**3 + 2. Let a be j(-2). Determine k(a).
4
Let s(m) = -2*m - 1. Let n be (10 - 11)/(1/1). What is s(n)?
1
Let l(j) = -9*j**2 + 11*j + 13. Let x(d) = -5*d**2 + 6*d + 7. Let s(z) = -6*l(z) + 11*x(z). Give s(1).
-2
Let v = -7 + 20. Let t(y) = 14*y + 13. Let k(a) = -7*a - 6. Let b(j) = v*k(j) + 6*t(j). Calculate b(1).
-7
Let r(g) = 9*g**3 + 1 + g + 4*g**3 - 12*g**3 - 3. Give r(2).
8
Let i(p) = -p**2 + 3*p + 2. Let g be 9/(-12)*(-12)/(-3). What is i(g)?
-16
Let d(f) = -1. Let p(u) = 7 - 2*u - 4*u + 2*u - u**2 - 2. Let y(m) = -4*d(m) - p(m). Give y(-4).
-1
Suppose -3*x + 5*h + 13 = 0, 5*h - 2*h + 5 = -x. Let q(o) = 2*o**2 - 4*o**2 + 2*o + 4*o**2 - 6*o**3 - 3*o. Determine q(x).
-5
Suppose 4*a + a = 4*v + 3, -3*v - 8 = 2*a. Let w(n) be the second derivative of -3*n**4/4 + n**3/6 + n**2/2 + 2*n. What is w(a)?
-9
Let l(c) = -3*c - 33. Let t be l(-10). Let i(a) = -2*a + 3. Calculate i(t).
9
Let c(p) = -20*p + 10*p - p**3 + 2*p**3 + 3 + 7*p - 6*p**2. Determine c(6).
-15
Let a = 5 - -1. Let f(z) = -4*z + a*z - 1 + 2. Calculate f(1).
3
Let h = 5 - -4. Suppose -2*j + h = j. Let g(c) = -c + 5*c - 3 - c. Give g(j).
6
Suppose -2*r + 5 - 3 = 0. Suppose -h - 3 = r. Let j(q) = -2*q**2 - 4*q + 3. Give j(h).
-13
Suppose -2*p = 4*r + 2, 3*p + 2*r = 6*p + 3. Let k(f) = -6*f**3 + f**2 + 2*f + 1. Give k(p).
6
Let p(r) = -r**2 - r - 2*r - 3*r. Suppose 5*n + 10 = g, -9 = 2*g - 2*n - 5. Calculate p(g).
5
Let n = 30 - 18. Suppose q = 4*q + n. Let p(j) = -5*j - 21. Let y(l) = -l - 4. Let t(g) = -6*p(g) + 33*y(g). Determine t(q).
6
Let g(t) = t**2 - 7*t + 6. Suppose -9*p + 90 = -4*p - 2*v, 5*p = 3*v + 95. Suppose 3*j + j = p. Give g(j).
-6
Let k(i) be the third derivative of -i**5/60 + i**4/4 + i**3/6 - 3*i**2. Determine k(5).
6
Let o(j) = -j**3 + 4*j**2 - 5. Let r(g) = -4*g**3 + g**2 + 2*g + 1. Let c be r(-1). Suppose 5*m + 5*i - 40 = 0, 0 = -c*m + 2*i + i + 4. Calculate o(m).
-5
Suppose 0 = -3*k + 5*s - 11, -k + 2*s = k + 2. Suppose -2*f + 3*g = -13 + 1, -3*g - k = f. Let v(j) = -j**f + 5*j**2 + j - 5*j**2. What is v(0)?
0
Let b(a) = -a**2 + a - 1. Let g(v) be the third derivative of 7*v**5/60 - v**4/2 + v**3/6 - 4*v**2. Let y(t) = -6*b(t) - g(t). What is y(6)?
5
Let m(g) = 2*g**3 - 6*g**2 + 4*g + 5. Let i(b) = 2*b**3 - 7*b**2 + 5*b + 6. Let r(v) = 6*i(v) - 7*m(v). Give r(-1).
1
Let d(x) = -x**2 - 2*x + 2. Let y be d(-2). Let k be 1/(1/y)*1. Let t(n) = 3 + 1 + 2*n**2 + 2*n - 7 - n**3. Give t(k).
1
Let a(l) = -l**3 + 6*l**2 - 5*l - 13. Let u(h) = h + 1. Let s(j) = a(j) + 5*u(j). Calculate s(6).
-8
Let b be 2/((-4)/18)*5/(-15). Let i(c) = -c**2. Determine i(b).
-9
Let g(d) = 7*d**3 + 9*d**2 + 3*d + 2. Let p(z) = -8*z**3 - 10*z**2 - 4*z - 3. Let i(j) = -7*g(j) - 6*p(j). Determine i(-3).
-5
Let x(g) be the second derivative of -g**3/6 + 7*g**2/2 + 2*g. Let c(y) = -y**3 + 3*y**2 + 5*y + 2. Let t be c(4). Determine x(t).
1
Let x = -1 - -1. Suppose 4*v - 3 - 20 = 3*y, v + 5*y - 23 = x. Let f = v + -9. Let t(w) = -15*w**2 - 2*w - 1. Give t(f).
-14
Let s(u) = u**2 - 6*u + 5. Suppose 10 = 37*y - 35*y. What is s(y)?
0
Let g(a) = -a**2 - 4*a + 3. Let x = -149 - -144. Determine g(x).
-2
Let q(b) = -2*b - 2. Let m be 1/(-2) + 39/6. Let r = 4 - m. Give q(r).
2
Let s(o) = -5*o. Let u(w) = w**2 - 6*w + 2. Let z be u(6). Suppose z*k - 1 = -3. What is s(k)?
5
Let h be (-1)/((2/10)/1). Let i(s) = 30 - 11 - 14 - 7 - s. Calculate i(h).
3
Suppose 4*l + 5 = 5*f - 23, -3*f + 16 = -2*l. Let h(t) be the third derivative of 0*t + 0 - 5/24*t**f - 3*t**2 - 1/6*t**3. What is h(-1)?
4
Suppose -10*u = -7*u - 9. Suppose -2*m - 3*m - 20 = -4*b, 2*b + u*m - 10 = 0. Let y(g) = g**2 - 6*g - 2. Determine y(b).
-7
Suppose -3*p = -5*f + 33 + 47, -f - 5*p = 12. Suppose -3*j + 0*j + 24 = 3*c, -c + f = 2*j. Let v(g) = g**2 - 3. Give v(c).
6
Let a(v) = -2*v. Suppose -2*k + k = 5*j + 21, 5*j = k - 19. Let z be 14/8 - j/16. Give a(z).
-4
Let d(n) = n**3 - 8*n**2 - 6*n - 13. Let c be d(9). Let w(g) = -2*g**2 - 9*g + 11. Let y(q) = -q**2 - 4*q + 5. Let z(l) = c*y(l) - 6*w(l). Give z(-3).
-8
Let f(p) = 6 + 4*p + 0*p - 5*p. Suppose 8 = 2*q + s - 5, -4*s = 4*q - 36. Determine f(q).
2
Let l(c) = -c**2 - 13*c - 1 + 6*c + 2*c. Suppose -5*h = -i + 15, -23 - 3 = 2*i + 4*h. What is l(i)?
-1
Let c(k) be the second derivative of 1/20*k**5 + 3/2*k**2 + 0 + 1/6*k**4 - k - 1/6*k**3. Calculate c(-3).
-3
Let m(s) = s**2 + 5*s - 1. Let h = 0 + 8. Let j(o) = -o**3 + 9*o**2 - 6*o - 4. Let w be j(h). Suppose -d - w = -7. Give m(d).
-1
Let d(h) = h - 8. Let l(z) = z**3 + 15*z**2 - 18*z - 26. Let g be l(-16). Give d(g).
-2
Let o(b) = -b + 10. Let t be o(7). Let d be t/3*1*-2. Let u(r) = 2*r - 1. Determine u(d).
-5
Let v = 4 + -1. Let d(j) be the third derivative of -1/24*j**4 - 2*j**2 + 0 + 0*j**v + 0*j. Calculate d(3).
-3
Let b(i) = i + 7. Let m = 13 + -19. Give b(m).
1
Let p(h) be the second derivative of -h**5/20 - h**4/2 - 5*h**3/6 - h**2/2 + 30*h. Determine p(-4).
-13
Let t(z) = 11*z + 1. Suppose -1 = -13*g - 14. What is t(g)?
-10
Let l(t) = t**2 - 4*t - 2. Let c be l(5). Let v(w) = w - 4. Let q be v(c). Let i(y) = -y**2 + y + 1. Calculate i(q).
-1
Let u(y) be the third derivative of 0 - 1/30*y**5 - 1/6*y**3 + 0*y - 1/24*y**4 - 5*y**2. Determine u(-1).
-2
Let k = 319 + -322. Let r(i) = -2*i**2 + i**2 + i + 2*i**2. What is r(k)?
6
Let n(g) = 1 - 6*g**2 + 3*g**2 + 2*g**2. Suppose 12 - 3 = -3*d. Give n(d).
-8
Let s(m) be the first derivative of m**2 - 4*m - 22. Determine s(-5).
-14
Let y(r) = r**2 + 7*r + 2. Let v(l) = 2*l + 10. Let c be v(-9). Let w be (1/(-2))/(c/(-64)). Determine y(w).
-10
Let u(t) = -t**2 - 6*t + 8. Let b be u(-8). Let o = b - -11. Let p(w) be the first derivative of -w**4/4 + w**3 - w**2/2 + 38. Calculate p(o).
-3
Suppose 12 = k + 3*p - 1, -5*k - 30 = -4*p. Let x(y) = 2 + 1 - 4 - 5*y. What is x(k)?
9
Let t be (-24)/(-9)*12/(-8). Let v(l) be the first derivative of -l**5/40 - l**4/4 + l**3 + 3. Let h(q) be the third derivative of v(q). Determine h(t).
6
Let b(g) = 32*g - 2 + 1 - 38*g. Determine b(1).
-7
Let r(g) be the second derivative of -g**3/6 + 3*g**2 - g. Suppose -4*s + 24 = 12. Calculate r(s).
3
Let h(i) = i**2 - 4*i + 3. Let g be h(4). Suppose 2*y - 3*r - 5 + g = 0, 2*r + 5 = 5*y. Let b(x) = -3*x**2 + x**2 + 2*x + x + y. Determine b(3).
-8
Suppose 2*l = 13 - 3. Let k(g) = 0 - g**2 - l*g**3 - 1 + 4*g**3 + g. Let p(j) = -3*j + 11. Let w be p(3). Determine k(w).
-11
Let f(j) = -7*j**2 - 3*j - 14. Let a(o) = -o**2 + o - 1. Let g(l) = 6*a(l) - f(l). Determine g(-8).
0
Let k(y) = 3*y**3 - 6 - 2*y**3 + 0*y**3 + 6*y**2 + y. Calculate k(-6).
-12
Let s(z) = 2*z**2 + 0*z**2 + 0*z**2. Let u(j) = j**2 - 5*j - 13. Let k be u(7). Give s(k).
2
Suppose 1 = -m, 2*o + 4*m = 5*o - 10. Let d(a) be the third derivative of a**5/60 - 3*a**2 - 35*a. Calculate d(o).
4
Let i(s) = -s - 2. Let y(f) = -f - 10. Let u be y(-12). Suppose 0 - 3 = 5*j + u*z, -z = j. Determine i(j).
-1
Let d(i) = 12*i**2 - 11*i**2 - 2 + 2*i - 2*i. Give d(2).
2
Let g(h) = -h**3 + 3*h**2 + 5*h. Let m be 14*7/((-49)/(-2)). Give g(m).
4
Suppose -y - 5 = 3*u - 3*y, y - 6 = 5*u. Let j(c) be the third derivative of -7*c**5/60 - c**4/12 - c**3/6 + 22*c**2 + 2. Give j(u).
-6
Let o(i) = i**3 + i**2 - 3*i + 4. Let y = 1 + 1. Let f be (2/4 + -2)*y. Calculate o(f).
-5
Let b(q) be the first derivative of 1/4*q**4 + q + 1/3*q**3 + 4 - 1/2*q**2. Suppose -3*c - 1 = -n, -c = 5*n - 3*n + 12. Determine b(c).
-1
Let o = -85 + 88. Let i(m) be the first derivative of 3/2*m**2 - 1 + 2/3*m**3 + o*m. Determine i(-2).
5
Let r(p) = 6*p**2 + 2*p - 3. Let h(d) = -25*d**2 - 8*d + 13. Let q(a) = -2*h(a) - 9*r(a). What is q(1)?
-5
Suppose 16 = 3*c + c, -4*c + 25 = 3*w. Let h(f) be the first derivative of -f - 1/2*f**2 + 2/3*f**w + 1. Calculate h(-1).
2
Let f(h) = h + 1. Let j(g) = -g**2 + 4 - 5*g - 3 + 2*g**2 + 0*g**2. Let n(s) = -2*f(s) - j(s). Determine n(2).
-1
